u - 1 - 6*u - u**2 + 0*u**2. Give g(w).
-5
Let o(x) = -7*x + 1. Let d = -383 + 381. Let v(r) = -r**3 + 6*r**2 - 2*r + 9. Let k be v(6). Let l be (d + (-7)/(-3))/((-1)/k). Calculate o(l).
-6
Let z(s) = s**3 - 10*s**2 + s + 1. Let l = -8082 - -8091. Give z(l).
-71
Let u(s) be the third derivative of -1/3*s**3 + 1/12*s**4 + 0*s + 4*s**2 + 0. Suppose -2*x = -o + 2*x - 11, 2 = x. Give u(o).
-8
Let t(s) = 1 - 5*s**3 - 20*s**3 + 23*s**3 + 10*s**3. Give t(-2).
-63
Suppose 0 = -4*k + 5*y + 32, 5*k = 2*y - 7*y + 85. Suppose -2*m - 4 = 0, 0 = 2*r - 2*m - k - 7. Let v(c) = c**3 - 8*c**2 - c. Determine v(r).
-8
Let w(p) = 188 - 12*p + 22*p**2 - 23 - 56 - 52 - 52. Give w(2).
69
Let p(u) be the first derivative of -u**4/4 - 10*u**3/3 - u**2 - 14*u - 587. What is p(-10)?
6
Let b(z) be the second derivative of z**5/12 + z**4/12 + z**3/3 - 19*z**2 + 29*z - 2. Let r(k) be the first derivative of b(k). What is r(-2)?
18
Let r(k) be the third derivative of -2 + k**3 - 1/15*k**5 + 0*k + 88*k**2 - 1/120*k**6 + 1/8*k**4. Determine r(-4).
-6
Let c(i) be the third derivative of i**5/60 - i**4/6 - 4*i**3/3 + 17*i**2 - 8*i. Determine c(-2).
4
Let d be -14 + 30/(-18) + (-266)/(-21). Let r(m) = m**3 + 5*m**2 + 6*m + 3. Determine r(d).
3
Let q = 199 - 194. Let x(y) = -220*y + 217*y - 8*y**2 + q*y**2 + 2. Determine x(-3).
-16
Let j(x) = -x**3 + 7*x**2 - 21*x + 145. Let m be j(7). Let t(s) = s**3 + 2*s + 1. What is t(m)?
-11
Suppose 70*a = 5*a + 24*a - 123. Let d(l) = -2*l**3 + l**2 + 5*l + 1. Let q(s) = -s**3 + 2*s + 1. Let i(v) = -2*d(v) + 5*q(v). Determine i(a).
12
Let h(f) = 2*f + 1. Let m = 78 - 78. Suppose -t - 1 = -4*q, q - 3*t - 3 = -m*q. Suppose q = 5*j - 20 - 5. Calculate h(j).
11
Let l(y) be the second derivative of -19*y**3/6 + 155*y**2 + 15*y - 1. Give l(16).
6
Let d(r) be the second derivative of r**4/3 + r**3/3 + 3*r**2 - 5*r - 13. What is d(-4)?
62
Let u(f) = 2*f + 21. Let n(l) = 3*l + 48. Let b(i) = -4*n(i) + 10*u(i). Let d(c) = 7*c + 17. Let z(g) = 4*b(g) - 5*d(g). What is z(-5)?
2
Let j(b) = -6*b - 109 + 130 + 5*b. What is j(10)?
11
Suppose 6*q - 6*i - 4 = 4*q + 6, 0 = -2*i. Let v(u) = -2*u**2 + 18*u - 13. Calculate v(q).
27
Let f(v) = -v**3 - 6*v**2 + 2. Let k be -4 + -1 + (-3)/(-1) + (-18)/6. What is f(k)?
-23
Let d(o) = o**2 - 4*o - 9. Suppose 2*y + 4*v + 0 + 14 = 0, -v - 8 = -y. Let u be 66/55*(0 + 10/y). Calculate d(u).
-9
Suppose 2*q = -5*p + 4, p + 4*q - 8 = 3*p. Suppose -4*v + v - 12 = p. Let c(a) be the second derivative of -a**3/3 + 174*a. Calculate c(v).
8
Suppose -6*m + 91 = 5*q - 3*m, 4*q = -4*m + 76. Let u = q - -31. Let i = -52 + u. Let o(y) = y**2 + 4*y - 1. Give o(i).
-1
Let c(y) = 6*y**3 + 3*y**2 - 9*y + 3. Suppose i + 63*h - 16 = 65*h, 4*i = 2*h + 22. Give c(i).
45
Let g(n) be the first derivative of 14/3*n**3 - 8*n**2 + 15*n - 1/4*n**4 - 54. Give g(13).
-24
Suppose 5 = -0*m + 5*m. Let t(f) = 48 + 43 + 45 + 48 + 43 + 12*f - 225. Calculate t(m).
14
Suppose 0 = -8*m - 52 + 60. Let h(u) be the second derivative of u**4/2 + u**3/6 - u**2/2 - 5*u. What is h(m)?
6
Let p(c) be the second derivative of 9*c + 0*c**2 + 2/3*c**3 - 1/60*c**5 - 3/8*c**4 + 0. Let j(s) be the second derivative of p(s). Calculate j(-7).
5
Let b be (14/1)/(-5 - -3). Let w = b + -1. Let x(h) be the third derivative of -h**4/24 - h**3 + 4813*h**2. Calculate x(w).
2
Let q(r) = -4*r**3 + 42*r**2 - 9*r - 6. Let b(f) = 3*f**3 - 29*f**2 + 6*f + 4. Let y(z) = 7*b(z) + 5*q(z). Calculate y(-7).
19
Let c(x) = -1 - 1 - 1967*x - 1968*x + 3934*x. Suppose 3*a = -2*g - 56, 0 = 4*g + 5*a - a + 104. Let d = -16 - g. Calculate c(d).
-8
Let j = 122 + -118. Let t(h) = j*h + 4*h**3 - 2 + 5*h**2 + 2*h - 4*h**3 - h**3. Suppose -2*o + 34 = 5*y, 0 = 5*y + 5*o - o - 38. Determine t(y).
-2
Let c = 2539 + -2535. Let x(b) = b**3 - 5*b**2 - 3*b. What is x(c)?
-28
Let n(y) be the third derivative of -y**4/24 + 5*y**3/6 - 11*y**2. Let x(o) = 2*o - 81. Let d be x(25). Let u = d - -38. Give n(u).
-2
Let b(s) be the first derivative of -s**3 + 274 + 351 - 548. Calculate b(1).
-3
Let w = -19 + 10. Let b(j) = -18*j - 161. Let x be b(w). Let p(n) = -7*n**2 + 3 + 0 + 1 - 3 - n. What is p(x)?
-7
Let k(n) = -15*n**2 - 93*n - 4. Let g = 11110 + -11116. Determine k(g).
14
Suppose 4*h + 2*l + 64 = 0, -h + 2*l + l = 16. Let r be (-3)/5 - h/10. Let q(m) = 6*m**2 - 4*m**2 + 0*m**2 + 13*m**3 - 1. Give q(r).
14
Suppose -522*v + 526*v = -36. Let k(h) = h**3 + 9*h**2 + h + 11. What is k(v)?
2
Let t = 131 - 26. Let f(h) = -56 + 3*h - 68 + t. Let z be f(8). Let m(l) = -6*l + 4. What is m(z)?
-26
Let s(i) = 3*i - 11*i + 2*i**2 - i**2 + 7. Let h(o) = o**2 - 2*o + 279. Let p be h(0). Let m = p + -273. Determine s(m).
-5
Suppose 6*o - 10*o + 69 = -x, -5*o - 5*x + 105 = 0. Let u(h) = -5*h + 127. Give u(o).
37
Let g(r) = r**3 + 8*r**2 - 10*r - 15. Let x(s) = -68*s - 417. Let a be x(-6). Determine g(a).
-6
Let z(l) be the second derivative of 2/3*l**4 - 1/6*l**3 + 1/20*l**5 + 0 + 145*l - 3/2*l**2. Determine z(-8).
5
Let x(p) = 1 + 282*p**2 + 3*p - 504*p**2 + 229*p**2. Determine x(2).
35
Let l(v) be the second derivative of v**5/20 - 2*v**4 - 53*v**3/6 + 23*v**2/2 + 831*v. Calculate l(26).
-3
Let h(a) = -a**2 - 8*a - 6. Let l be 9/(-27) + (-20)/(-6). Suppose l*y = 3*n + 12, 6 = y - 3*n + n. Suppose 19 + 1 = -4*w - t, 5*t - 32 = y*w. Determine h(w).
6
Let r(b) = -8*b - 24. Let y(l) = -l - 2. Let i(z) = r(z) - 7*y(z). Determine i(-2).
-8
Let v(n) = -81*n + 2. Let o(d) = 470*d + 12. Let j(m) = -o(m) - 6*v(m). Calculate j(7).
88
Let s(t) = t + 4. Let h be s(-4). Suppose -13*l + 24 = -2. Let c(z) = 3 - 10*z + h + 6 + 5 - z**l. Determine c(-11).
3
Let s(u) = -u**3 - 31*u**2 + 66*u + 5. Let h be s(-33). Let j(n) = 2*n - 3. Give j(h).
7
Suppose -4 + 38 = 17*a. Suppose 7*v - a = 12. Let h(z) = 45*z**2 - z**3 + 3*z - 4*z + v - 38*z**2. Determine h(7).
-5
Suppose -2*q - 4*t = -3*q + 14, 5*t + 34 = 4*q. Let z(m) = -145873*m + 72947*m + 72925*m - 3 + 1. Calculate z(q).
-8
Let d(h) = 46*h + 29. Let z(t) = -15*t - 10. Let f(m) = -2*d(m) - 7*z(m). Let v(y) = -4*y - 4. Let n(l) = -2*f(l) - 7*v(l). Calculate n(-3).
-2
Let r(p) = -p - 25. Let w(q) be the second derivative of q**3/2 + 26*q**2 + 11*q - 5. Let l(k) = 13*r(k) + 6*w(k). Determine l(9).
32
Suppose 5*a + 2*z - 10 = 0, a - 3 + 19 = -4*z. Let p(s) = s**3 - 2*s**2 + 10*s + 5. Calculate p(a).
77
Let d(g) = -43*g + 20. Let o(q) be the second derivative of -4*q**3/3 - 42*q. Let l(x) = -d(x) + 5*o(x). Give l(9).
7
Let x(c) be the first derivative of -2*c**2 + 13*c + 457. What is x(5)?
-7
Suppose 4*q - 16 = -4*q. Let o(r) = 1168 - 12*r + 10*r**2 + 14*r - 584 - 586. What is o(q)?
42
Let w(x) be the second derivative of x**5/20 + 23*x**4/12 - 4*x**3 - x**2 - 103*x + 5. Calculate w(-24).
-2
Let r(x) = -2*x - 2. Let d = 102 - 111. Let m = d + 13. Determine r(m).
-10
Let a(c) be the third derivative of 0*c - 1/60*c**5 + 1/3*c**3 + 0 + 1/6*c**4 + 4*c**2. Suppose 0 = -27*g + 13*g + 70. What is a(g)?
-3
Let l be (-12)/15*((-2)/(-4) - 3). Let a(m) = 21*m**2 - 5*m**l - 7*m**2 + 10*m - 10*m**2. What is a(11)?
-11
Let s(m) be the second derivative of m**5/20 - 5*m**4/12 - m**3/3 + m**2/2 + 3617*m. What is s(6)?
25
Let z(n) be the first derivative of 5*n**2/2 + 56*n + 6088. Determine z(0).
56
Let f(c) = c**3 + 17*c**2 - 58*c - 977. Let m be f(-17). Let y(z) = 3*z - 20. What is y(m)?
7
Let h(r) = 6*r**2 - r. Let d be (-28)/(-84)*(-20)/15*9/(-2). Determine h(d).
22
Let c(m) = 3*m + 12 + 2*m**2 + 38 + 11*m + 2*m - 44. Suppose -4*x - x = 20, 36 = -5*l + x. Give c(l).
6
Let a be 1 - (2 + -4)/(-2). Let b(r) be the first derivative of r**7/840 - r**4/8 + 410*r**3/3 - 533. Let w(n) be the third derivative of b(n). Calculate w(a).
-3
Let r = -16325 - -16331. Let d(v) = v**3 - 7*v**2 - 15*v + 121. Determine d(r).
-5
Suppose 0*s - c = 2*s - 67, 3*s - 102 = -2*c. Let i(t) = -76*t + s*t - 3 + 25*t + 21*t. Determine i(3).
3
Let b(q) be the second derivative of q**6/120 + q**5/20 - q**4/6 + 40*q**2 + 55*q. Let i(r) be the first derivative of b(r). Give i(-4).
0
Let z(r) = -r - 3. Let f(t) = -t**3 - 14*t**2 - 28*t - 44. Let m be f(-12). Suppose 0*k - 30 = -m*g + 3*k, 2*g - 14 = k. Calculate z(g).
-9
Let g = 570 - 575. Let u(r) = r**3 + 3*r**2 - 9*r - 4. Determine u(g).
-9
Let s(m) = 2*m**2 - 3*m - 5. Suppose -4*o - 10*c + 